{"id":251,"date":"2015-02-01T12:41:53","date_gmt":"2015-02-01T12:41:53","guid":{"rendered":"http:\/\/estumoment.com\/?page_id=251"},"modified":"2017-11-28T09:41:28","modified_gmt":"2017-11-28T08:41:28","slug":"exposiciones","status":"publish","type":"page","link":"https:\/\/estumoment.com\/?page_id=251","title":{"rendered":"Exposiciones"},"content":{"rendered":"<p>[et_pb_section][et_pb_row][et_pb_column type=\u00bb1_2&#8243;][et_pb_gallery admin_label=\u00bbGallery\u00bb fullwidth=\u00bbon\u00bb posts_number=\u00bb1&#8243; show_title_and_caption=\u00bbon\u00bb show_pagination=\u00bbon\u00bb background_layout=\u00bblight\u00bb gallery_ids=\u00bb306&#8243; \/][\/et_pb_column][et_pb_column type=\u00bb1_2&#8243;][et_pb_text admin_label=\u00bbText\u00bb background_layout=\u00bblight\u00bb text_orientation=\u00bbleft\u00bb]<\/p>\n<h1 class=\"entry-title\"><strong>Exposici\u00f3n Fotogr\u00e1fica \u201cOther Side(s) of America: La Ruta de los\u00a0Apalaches.<\/strong><\/h1>\n<p>Primera espa\u00f1ola en caminar los 3.500 Kil\u00f3metros\u00a0 por la Ruta de los Apalaches en Estados Unidos. A\u00f1o 2013, cinco meses.<\/p>\n<p><strong>Centro de Interpretaci\u00f3n el Mol\u00f3n<\/strong>, Camporrobles, Valencia. Julio\/2014<\/p>\n<p>&nbsp;<\/p>\n<p>&nbsp;<\/p>\n<a href='https:\/\/www.youtube.com\/watch?v=Rg0fw_qypeU' class='small-button smallblack'>Presentaci\u00f3n de la exposici\u00f3n<\/a>\n<h1><strong>\u00a0<\/strong><\/h1>\n<p>[\/et_pb_text][\/et_pb_column][\/et_pb_row][et_pb_row][et_pb_column type=\u00bb4_4&#8243;][et_pb_gallery admin_label=\u00bbGallery\u00bb gallery_ids=\u00bb302,309,326,323,314,316,310,318,312,315,324&#8243; fullwidth=\u00bbon\u00bb posts_number=\u00bb12&#8243; show_title_and_caption=\u00bbon\u00bb show_pagination=\u00bbon\u00bb background_layout=\u00bblight\u00bb \/][\/et_pb_column][\/et_pb_row][et_pb_row][et_pb_column type=\u00bb1_2&#8243;][et_pb_gallery admin_label=\u00bbGallery\u00bb gallery_ids=\u00bb353&#8243; fullwidth=\u00bbon\u00bb posts_number=\u00bb1&#8243; show_title_and_caption=\u00bbon\u00bb show_pagination=\u00bbon\u00bb background_layout=\u00bblight\u00bb \/][\/et_pb_column][et_pb_column type=\u00bb1_2&#8243;][et_pb_text admin_label=\u00bbText\u00bb background_layout=\u00bblight\u00bb text_orientation=\u00bbleft\u00bb]<\/p>\n<h1><strong>\u00abLa Podolog\u00eda de Machado\u00bb<\/strong><\/h1>\n<p>Es una idea compartida con Kevin S. Fox, Ge\u00f3grafo Cultural y germinando con la presentaci\u00f3n de mis fotograf\u00edas, 138 fotos, tomadas en los sitios de descanso, que ven\u00eda siendo nuestra casa temporal o campamentos encontrados a lo largo de los 3.500 kil\u00f3metros de recorrido.<\/p>\n<p>Segun <a href=\"http:\/\/ksfox.org\/\" target=\"_blank\">Kevin S. Fox<\/a>, las fotograf\u00edas de la obra\u00a0<i>\u201cLa podolog\u00eda de Machado\u201d<\/i>\u00a0reciclan formas tradicionales de retrato.\u00a0 Al mismo tiempo proponen que consideremos las sombras de nuestros cuerpos como materia prima para estas narrativas del ser.<\/p>\n<p>Exposici\u00f3n realizada a trav\u00e9s de <a href=\"http:\/\/www.franqueados.es\/otrasediciones_F14.html\" target=\"_blank\">Franqueados 0.14.<\/a> Espacion cultural que promueve el espacio de los escaparates para dar a conocer a artistas \u00abcreadores\u00bbde cualquier disciplina. Febrero\/ 2014. Madrid, Espa\u00f1a.<\/p>\n<p>&nbsp;<\/p>\n<p>&nbsp;<\/p>\n<p>&nbsp;<\/p>\n<p>[\/et_pb_text][\/et_pb_column][\/et_pb_row][et_pb_row][et_pb_column type=\u00bb4_4&#8243;][et_pb_gallery admin_label=\u00bbGallery\u00bb gallery_ids=\u00bb392,355,354,353,352,391&#8243; fullwidth=\u00bbon\u00bb posts_number=\u00bb6&#8243; show_title_and_caption=\u00bbon\u00bb show_pagination=\u00bbon\u00bb background_layout=\u00bblight\u00bb \/][\/et_pb_column][\/et_pb_row][\/et_pb_section]<\/p>\n","protected":false},"excerpt":{"rendered":"<p><div class=\"et_pb_section et_pb_section_0 et_section_regular\" >\n\t\t\t\t\n\t\t\t\t\n\t\t\t\t\n\t\t\t\t\n\t\t\t\t\n\t\t\t\t\n\t\t\t\t\n\t\t\t\t\n\t\t\t\t\n\t\t\t<\/div><div class=\"et_pb_row et_pb_row_0 et_pb_row_empty\">\n\t\t\t\t\n\t\t\t\t\n\t\t\t\t\n\t\t\t\t\n\t\t\t\t\n\t\t\t<\/div> Exposici\u00f3n Fotogr\u00e1fica \u201cOther Side(s) of America: La Ruta de los\u00a0Apalaches. Primera espa\u00f1ola en caminar los 3.500 Kil\u00f3metros\u00a0 por la Ruta de los Apalaches en Estados Unidos. A\u00f1o 2013, cinco meses. Centro de Interpretaci\u00f3n el Mol\u00f3n, Camporrobles, Valencia. Julio\/2014 &nbsp; &nbsp; <a href='https:\/\/www.youtube.com\/watch?v=Rg0fw_qypeU' class='small-button smallblack'>Presentaci\u00f3n de la exposici\u00f3n<\/a> \u00a0 <div class=\"et_pb_row et_pb_row_1 et_pb_row_empty\">\n\t\t\t\t\n\t\t\t\t\n\t\t\t\t\n\t\t\t\t\n\t\t\t\t\n\t\t\t<\/div><div class=\"et_pb_row et_pb_row_2 et_pb_row_empty\">\n\t\t\t\t\n\t\t\t\t\n\t\t\t\t\n\t\t\t\t\n\t\t\t\t\n\t\t\t<\/div> \u00abLa Podolog\u00eda de Machado\u00bb [&hellip;]<\/p>\n","protected":false},"author":1,"featured_media":0,"parent":0,"menu_order":0,"comment_status":"closed","ping_status":"open","template":"","meta":{"_et_pb_use_builder":"on","_et_pb_old_content":"","_et_gb_content_width":"","footnotes":""},"class_list":["post-251","page","type-page","status-publish","hentry"],"_links":{"self":[{"href":"https:\/\/estumoment.com\/index.php?rest_route=\/wp\/v2\/pages\/251","targetHints":{"allow":["GET"]}}],"collection":[{"href":"https:\/\/estumoment.com\/index.php?rest_route=\/wp\/v2\/pages"}],"about":[{"href":"https:\/\/estumoment.com\/index.php?rest_route=\/wp\/v2\/types\/page"}],"author":[{"embeddable":true,"href":"https:\/\/estumoment.com\/index.php?rest_route=\/wp\/v2\/users\/1"}],"replies":[{"embeddable":true,"href":"https:\/\/estumoment.com\/index.php?rest_route=%2Fwp%2Fv2%2Fcomments&post=251"}],"version-history":[{"count":26,"href":"https:\/\/estumoment.com\/index.php?rest_route=\/wp\/v2\/pages\/251\/revisions"}],"predecessor-version":[{"id":783,"href":"https:\/\/estumoment.com\/index.php?rest_route=\/wp\/v2\/pages\/251\/revisions\/783"}],"wp:attachment":[{"href":"https:\/\/estumoment.com\/index.php?rest_route=%2Fwp%2Fv2%2Fmedia&parent=251"}],"curies":[{"name":"wp","href":"https:\/\/api.w.org\/{rel}","templated":true}]}}

<p>[et_pb_section][et_pb_row][et_pb_column type=»1_2&#8243;][et_pb_gallery admin_label=»Gallery» fullwidth=»on» posts_number=»1&#8243; show_title_and_caption=»on» show_pagination=»on» background_layout=»light» gallery_ids=»306&#8243; /][/et_pb_column][et_pb_column type=»1_2&#8243;][et_pb_text admin_label=»Text» background_layout=»light» text_orientation=»left»]</p>
<h1 class="entry-title"><strong>Exposición Fotográfica “Other Side(s) of America: La Ruta de los Apalaches.</strong></h1>
<p>Primera española en caminar los 3.500 Kilómetros  por la Ruta de los Apalaches en Estados Unidos. Año 2013, cinco meses.</p>
<p><strong>Centro de Interpretación el Molón</strong>, Camporrobles, Valencia. Julio/2014</p>
<p>&nbsp;</p>
<p>&nbsp;</p>
<a href='https://www.youtube.com/watch?v=Rg0fw_qypeU' class='small-button smallblack'>Presentación de la exposición</a>
<h1><strong> </strong></h1>
<p>[/et_pb_text][/et_pb_column][/et_pb_row][et_pb_row][et_pb_column type=»4_4&#8243;][et_pb_gallery admin_label=»Gallery» gallery_ids=»302,309,326,323,314,316,310,318,312,315,324&#8243; fullwidth=»on» posts_number=»12&#8243; show_title_and_caption=»on» show_pagination=»on» background_layout=»light» /][/et_pb_column][/et_pb_row][et_pb_row][et_pb_column type=»1_2&#8243;][et_pb_gallery admin_label=»Gallery» gallery_ids=»353&#8243; fullwidth=»on» posts_number=»1&#8243; show_title_and_caption=»on» show_pagination=»on» background_layout=»light» /][/et_pb_column][et_pb_column type=»1_2&#8243;][et_pb_text admin_label=»Text» background_layout=»light» text_orientation=»left»]</p>
<h1><strong>«La Podología de Machado»</strong></h1>
<p>Es una idea compartida con Kevin S. Fox, Geógrafo Cultural y germinando con la presentación de mis fotografías, 138 fotos, tomadas en los sitios de descanso, que venía siendo nuestra casa temporal o campamentos encontrados a lo largo de los 3.500 kilómetros de recorrido.</p>
<p>Segun <a href="http://ksfox.org/" target="_blank">Kevin S. Fox</a>, las fotografías de la obra <i>“La podología de Machado”</i> reciclan formas tradicionales de retrato.  Al mismo tiempo proponen que consideremos las sombras de nuestros cuerpos como materia prima para estas narrativas del ser.</p>
<p>Exposición realizada a través de <a href="http://www.franqueados.es/otrasediciones_F14.html" target="_blank">Franqueados 0.14.</a> Espacion cultural que promueve el espacio de los escaparates para dar a conocer a artistas «creadores»de cualquier disciplina. Febrero/ 2014. Madrid, España.</p>
<p>&nbsp;</p>
<p>&nbsp;</p>
<p>&nbsp;</p>
<p>[/et_pb_text][/et_pb_column][/et_pb_row][et_pb_row][et_pb_column type=»4_4&#8243;][et_pb_gallery admin_label=»Gallery» gallery_ids=»392,355,354,353,352,391&#8243; fullwidth=»on» posts_number=»6&#8243; show_title_and_caption=»on» show_pagination=»on» background_layout=»light» /][/et_pb_column][/et_pb_row][/et_pb_section]</p>

<p><div class="et_pb_section et_pb_section_0 et_section_regular" >
				
				
				
				
				
				
				
				
				
			</div><div class="et_pb_row et_pb_row_0 et_pb_row_empty">
				
				
				
				
				
			</div> Exposición Fotográfica “Other Side(s) of America: La Ruta de los Apalaches. Primera española en caminar los 3.500 Kilómetros  por la Ruta de los Apalaches en Estados Unidos. Año 2013, cinco meses. Centro de Interpretación el Molón, Camporrobles, Valencia. Julio/2014 &nbsp; &nbsp; <a href='https://www.youtube.com/watch?v=Rg0fw_qypeU' class='small-button smallblack'>Presentación de la exposición</a>   <div class="et_pb_row et_pb_row_1 et_pb_row_empty">
				
				
				
				
				
			</div><div class="et_pb_row et_pb_row_2 et_pb_row_empty">
				
				
				
				
				
			</div> «La Podología de Machado» [&hellip;]</p>
